base 16, what is -c6 + 2b5?
1ef
In base 2, what is 1110110101011110 - 11101110000111?
1011000111010111
In base 11, what is 2 + -3187a6a?
-3187a68
In base 12, what is 3b1 + 17117?
17508
In base 13, what is -1345 + -33bc?
-4734
In base 4, what is 33001 - 1200111?
-1101110
In base 9, what is 2 + 64471408?
64471411
In base 11, what is -4561 + -a08?
-5469
In base 11, what is 1 + -1a59130?
-1a5912a
In base 2, what is 101101100001011011010 + -10?
101101100001011011000
In base 6, what is -5 - 54512432?
-54512441
In base 10, what is 3 + -14412951?
-14412948
In base 7, what is 532032 + 61?
532123
In base 13, what is -cb - c63aa?
-c64a8
In base 10, what is 3 - -112226542?
112226545
In base 8, what is -14513631 + -1?
-14513632
In base 14, what is -1075 + -15c?
-11d3
In base 5, what is -10332 - -2204000?
2143113
In base 15, what is -109a369 - 5?
-109a36e
In base 5, what is 22233 - 1010210?
-432422
In base 7, what is 141415213 + -21?
141415162
In base 9, what is -333 + 3348?
3015
In base 9, what is -4656 + -1608?
-6365
In base 3, what is -102010212 + 112212?
-101121000
In base 14, what is -3 + 7c518?
7c515
In base 13, what is -1332 + 40240?
3bc0b
In base 7, what is 0 + -2021135165?
-2021135165
In base 7, what is -345235 + 1621?
-343314
In base 11, what is 1030 + 4012?
5042
In base 15, what is 41 + -26b34?
-26ae3
In base 4, what is -3112212 - 31002003?
-100120221
In base 14, what is -762ba - -12?
-762a8
In base 2, what is 101011110 + 10001001011010?
10001110111000
In base 13, what is -4 + 8b37bb?
8b37b7
In base 16, what is -55 - 43de42?
-43de97
In base 7, what is -340335135 + -1?
-340335136
In base 3, what is 10 - -221111010211000?
221111010211010
In base 7, what is 246550 + -1461?
245056
In base 11, what is -15a1 - 4121a?
-42810
In base 4, what is 21012 + 112102103?
112123121
In base 4, what is 322302323331 - 11?
322302323320
In base 12, what is 4 - 2a12b559?
-2a12b555
In base 5, what is -30023222 + -300?
-30024022
In base 11, what is -1 + 1231807?
1231806
In base 5, what is -23410424 + -341?
-23411320
In base 10, what is 726735 - 175?
726560
In base 16, what is 1 - -5f87fa?
5f87fb
In base 5, what is -1 + 1341142443?
1341142442
In base 7, what is -143045 - -4521?
-135224
In base 11, what is 17 - 9785394?
-9785378
In base 16, what is 11a1cb16 + -2?
11a1cb14
In base 5, what is 121420 - 24420?
42000
In base 7, what is -1005133 - 3055?
-1011221
In base 16, what is 155668 + -32?
155636
In base 9, what is -17277 + 0?
-17277
In base 5, what is -103140400 + -1124?
-103142024
In base 11, what is 278 - a503?
-a236
In base 11, what is 0 - 796194?
-796194
In base 13, what is 3482 + 34c9?
697b
In base 2, what is -1011011 + 1000010011011001?
1000010001111110
In base 3, what is -2 - -100020220110?
100020220101
In base 7, what is -106363 + -112215?
-221611
In base 3, what is -12 - 2222001010202?
-2222001010221
In base 4, what is 13032301 - -1231230?
20330131
In base 6, what is -32432041 + 1200?
-32430441
In base 10, what is 34503 - 236?
34267
In base 14, what is 2 + 1d8790?
1d8792
In base 6, what is 5242034 + 1304?
5243342
In base 2, what is -10010 + 10111000010000001010101011?
10111000010000001010011001
In base 12, what is 2 - -8075bab?
8075bb1
In base 16, what is 69 - -aad5b6?
aad61f
In base 10, what is -1 - -9402103?
9402102
In base 5, what is 1044404 - -2114?
1102023
In base 16, what is -f52 + 769?
-7e9
In base 10, what is -233 + -48426?
-48659
In base 3, what is -120010210100211 - 1?
-120010210100212
In base 14, what is -44580 - 724?
-44ca4
In base 15, what is -2224 - 1d11?
-4035
In base 14, what is -157 - 15643?
-1579a
In base 10, what is 123900884 + -4?
123900880
In base 3, what is 11220 - 1102112010002?
-1102111221012
In base 6, what is -35 - 54010030?
-54010105
In base 8, what is -265 - 33033?
-33320
In base 14, what is c81 + -19d2?
-b51
In base 12, what is -867a + 387?
-82b3
In base 11, what is -6 + -84a580?
-84a586
In base 16, what is -7a0beb + 1?
-7a0bea
In base 11, what is -4754811 - 9?
-475481a
In base 7, what is -2536 - 121252?
-124121
In base 14, what is -1571d5ca + -2?
-1571d5cc
In base 13, what is -4ca98 + -1075?
-50b40
In base 9, what is 4 - 173111577?
-173111573
In base 8, what is 703 - 11052?
-10147
In base 11, what is -a441 - 65a?
-aaa0
In base 7, what is 364 - 631465?
-631101
In base 15, what is 18b52 + 1074?
19bc6
In base 3, what is -201200210 - 12001000021?
-12202201001
In base 13, what is -1181a383 + -3?
-1181a386
In base 15, what is 8eb4d + -c8?
8ea75
In base 8, what is 3242536 + 2?
3242540
In base 10, what is 201 + 176204?
176405
In base 15, what is -1874b + 1c?
-1872e
In base 11, what is 1942025 - 4?
1942021
In base 7, what is 5 - 5465443?
-5465435
In base 7, what is 41 - 2161036?
-2160665
In base 8, what is -1221667 - -7?
-1221660
In base 9, what is -163 + 380710?
380536
In base 12, what is 13615 + -126?
134ab
In base 9, what is -727512070 - -2?
-727512067
In base 7, what is -11506260 - -13?
-11506244
In base 3, what is 1 + -111122000011111021?
-111122000011111020
In base 7, what is 143 + 1121230?
1121403
In base 13, what is -b0c2143 + 4?
-b0c213c
In base 5, what is -1342443 + 33122?
-1304321
In base 7, what is -14123431046 - 4?
-14123431053
In base 5, what is -223 - -42112122?
42111344
In base 4, what is 233032 + -1023010122?
-1022111030
In base 2, what is 101 - -110110100010011011001011101?
110110100010011011001100010
In base 7, what is -214306 + -21251?
-235560
In base 4, what is 22 - 111101133023?
-111101133001
In base 4, what is -111 - 100212333202?
-100212333313
In base 9, what is 1243687 + -6?
1243681
In base 14, what is 86484b - -2?
86484d
In base 16, what is -6c + -7f12?
-7f7e
In base 6, what is -5 - 511302432?
-511302441
In base 8, what is 564460073 - -3?
564460076
In base 3, what is -101221212212002 - -100?
-101221212211202
In base 11, what is -3 - -193915696?
193915693
In base 6, what is 230511535 + 21?
230512000
In base 6, what is -1343455240 - 22?
-1343455302
In base 6, what is -25 + 25021?
24552
In base 3, what is -111101201121122 - -2?
-111101201121120
In base 3, what is -2 + -101111001212002?
-101111001212011
In base 10, what is -127923826 - -4?
-127923822
In base 8, what is 4 + 440414136?
440414142
In base 6, what is -105045141 + 115?
-105045022
In base 5, what is -14402310 + 1300?
-14401010
In base 8, what is 16773 + 705?
17700
In base 12, what is -142803 - -36?
-142789
In base 8, what is 102047 + 702?
102751
In base 10, what is 8 - -489015?
489023
In base 7, what is -2232 + 23014?
20452
In base 7, what is 3203220 - 341?
3202546
In base 9, what is -1350261017 + -2?
-1350261020
In base 15, what is 624c5 - -1?
624c6
In base 11, what is 311a142 - 5?
311a138
In base 6, what is 3 - -50303451?
50303454
In base 6, what is 0 - 10434033135?
-10434033135
In base 16, what is -99c1d3 - 5?
-99c1d8
In base 10, what is -72429066 + -3?
-72429069
In base 3, what is 22 + 22200200020222202?
22200200021000001
In base 3, what is -102200 - -221020220102?
221020110202
In base 5, what is -234 + -1314123?
-1314412
In base 16, what is bbddc - 79a?
bb642
In base 2, what is 11 + -10111011000000101101?
-10111011000000101010
In base 12, what is -6b1 - 4663?
-5154
In base 14, what is -740b534 - -4?
-740b530
In base 13, what is 2426610 - -2?
2426612
In base 6, what is -2345551 - 155?
-2350150
In base 7, what is -26462645 - -1316?
-26461326
In base 12, what is -1263294 - -15?
-126327b
In base 6, what is -11013 + -252001?
-303014
In base 8, what is -643 + -11604?
-12447
In base 16, what is -3 + -9450c25?
-9450c28
In base 13, what is c289ccc + -4?
c289cc8
In base 12, what is 0 - 2305791?
-2305791
In base 9, what is 384 + -35566?
-35172
In base 15, what is 1b6 + -48631?
-4846a
In base 13, what is 5028707 - -1?
5028708
In base 15, what is -217e33 - -1?
-217e32
In base 8, what is -4 + -141601302?
-141601306
In base 3, what is 11212 + -1101022222011?
-1101022210022
In base 14, what is -166 - -56d4b?
56bc5
In base 5, what is 1332324434 - 1?
1332324433
In base 7, what is -23555 + -11343?
-35231
In base 11, what is 1358a - 446?
13144
In base 4, what is 120210 - -222101112?
222221322
In base 2, what is 10010101 - 10010000101010000100?
-10010000100111101111
In base 9, what is -7722001 + 34?
-7721856
In base 10, what is 339410 + 9?
339419
In base 3, what is 2111 +